hat is the remainder when 47 is divided by 26?
21
Calculate the remainder when 431 is divided by 74.
61
Calculate the remainder when 2158 is divided by 104.
78
What is the remainder when 487 is divided by 92?
27
What is the remainder when 837 is divided by 108?
81
Calculate the remainder when 33 is divided by 9.
6
What is the remainder when 96 is divided by 11?
8
Calculate the remainder when 724 is divided by 341.
42
Calculate the remainder when 176 is divided by 12.
8
Calculate the remainder when 56 is divided by 34.
22
Calculate the remainder when 238 is divided by 72.
22
Calculate the remainder when 386 is divided by 213.
173
Calculate the remainder when 943 is divided by 137.
121
What is the remainder when 670 is divided by 135?
130
What is the remainder when 3313 is divided by 26?
11
Calculate the remainder when 301 is divided by 70.
21
What is the remainder when 2210 is divided by 79?
77
What is the remainder when 50 is divided by 14?
8
What is the remainder when 3133 is divided by 55?
53
What is the remainder when 766 is divided by 32?
30
Calculate the remainder when 241 is divided by 85.
71
Calculate the remainder when 466 is divided by 416.
50
Calculate the remainder when 359 is divided by 118.
5
Calculate the remainder when 547 is divided by 17.
3
Calculate the remainder when 1627 is divided by 146.
21
What is the remainder when 111 is divided by 9?
3
Calculate the remainder when 140 is divided by 71.
69
Calculate the remainder when 308 is divided by 151.
6
Calculate the remainder when 524 is divided by 89.
79
Calculate the remainder when 711 is divided by 34.
31
What is the remainder when 797 is divided by 10?
7
Calculate the remainder when 781 is divided by 27.
25
What is the remainder when 46 is divided by 7?
4
Calculate the remainder when 1972 is divided by 52.
48
What is the remainder when 240 is divided by 19?
12
What is the remainder when 5091 is divided by 23?
8
What is the remainder when 799 is divided by 11?
7
Calculate the remainder when 51 is divided by 16.
3
Calculate the remainder when 31577 is divided by 20.
17
Calculate the remainder when 701 is divided by 370.
331
What is the remainder when 1948 is divided by 39?
37
What is the remainder when 218 is divided by 73?
72
What is the remainder when 128 is divided by 29?
12
Calculate the remainder when 208 is divided by 143.
65
What is the remainder when 1217 is divided by 7?
6
What is the remainder when 348 is divided by 25?
23
Calculate the remainder when 641 is divided by 179.
104
Calculate the remainder when 73 is divided by 11.
7
Calculate the remainder when 37 is divided by 16.
5
Calculate the remainder when 1060 is divided by 16.
4
Calculate the remainder when 656 is divided by 89.
33
Calculate the remainder when 8994 is divided by 67.
16
What is the remainder when 130 is divided by 15?
10
What is the remainder when 388 is divided by 65?
63
What is the remainder when 93 is divided by 14?
9
What is the remainder when 919 is divided by 4?
3
Calculate the remainder when 1529 is divided by 26.
21
What is the remainder when 23623 is divided by 21?
19
Calculate the remainder when 18431 is divided by 384.
383
What is the remainder when 16068 is divided by 342?
336
Calculate the remainder when 179 is divided by 10.
9
What is the remainder when 1666 is divided by 18?
10
What is the remainder when 1934 is divided by 176?
174
Calculate the remainder when 16327 is divided by 10.
7
What is the remainder when 1293 is divided by 27?
24
Calculate the remainder when 19 is divided by 13.
6
Calculate the remainder when 180 is divided by 46.
42
Calculate the remainder when 313 is divided by 188.
125
What is the remainder when 427 is divided by 48?
43
What is the remainder when 69 is divided by 12?
9
What is the remainder when 56 is divided by 56?
0
Calculate the remainder when 48 is divided by 21.
6
What is the remainder when 1259 is divided by 315?
314
What is the remainder when 4615 is divided by 81?
79
Calculate the remainder when 2173 is divided by 34.
31
What is the remainder when 1907 is divided by 174?
167
Calculate the remainder when 2066 is divided by 230.
226
What is the remainder when 153 is divided by 13?
10
What is the remainder when 1269 is divided by 12?
9
Calculate the remainder when 152 is divided by 34.
16
What is the remainder when 273 is divided by 92?
89
Calculate the remainder when 77 is divided by 34.
9
Calculate the remainder when 243 is divided by 112.
19
Calculate the remainder when 701 is divided by 9.
8
What is the remainder when 869 is divided by 58?
57
Calculate the remainder when 56 is divided by 47.
9
Calculate the remainder when 718 is divided by 48.
46
What is the remainder when 567 is divided by 44?
39
Calculate the remainder when 53 is divided by 14.
11
What is the remainder when 66 is divided by 14?
10
What is the remainder when 2543 is divided by 181?
9
Calculate the remainder when 18015 is divided by 273.
270
What is the remainder when 2682 is divided by 79?
75
Calculate the remainder when 608 is divided by 97.
26
Calculate the remainder when 2375 is divided by 1181.
13
Calculate the remainder when 32 is divided by 19.
13
What is the remainder when 75 is divided by 41?
34
Calculate the remainder when 537 is divided by 27.
24
What is the remainder when 54429 is divided by 27?
24
Calculate the remainder when 1138 is divided by 11.
5
Calculate the remainder when 166 is divided by 14.
12
Calculate the remainder when 1385 is divided by 39.
20
What is the remainder when 1662 is divided by 16?
14
Calculate the remainder when 1281 is divided by 1272.
9
What is the remainder when 457 is divided by 23?
20
What is the remainder when 122 is divided by 17?
3
What is the remainder when 3263 is divided by 192?
191
Calculate the remainder when 250 is divided by 65.
55
What is the remainder when 88 is divided by 82?
6
What is the remainder when 22047 is divided by 126?
123
What is the remainder when 323 is divided by 150?
23
What is the remainder when 714 is divided by 36?
30
What is the remainder when 113 is divided by 33?
14
Calculate the remainder when 8170 is divided by 22.
8
Calculate the remainder when 682 is divided by 53.
46
What is the remainder when 413 is divided by 12?
5
Calculate the remainder when 95 is divided by 14.
11
What is the remainder when 101 is divided by 18?
11
Calculate the remainder when 20 is divided by 10.
0
Calculate the remainder when 388 is divided by 79.
72
What is the remainder when 146 is divided by 62?
22
Calculate the remainder when 2756 is divided by 140.
96
What is the remainder when 883 is divided by 26?
25
Calculate the remainder when 187 is divided by 49.
40
What is the remainder when 527 is divided by 44?
43
What is the remainder when 422 is divided by 410?
12
Calculate the remainder when 250 is divided by 18.
16
What is the remainder when 40 is divided by 7?
5
What is the remainder when 132 is divided by 30?
12
What is the remainder when 54 is divided by 6?
0
What is the remainder when 506 is divided by 72?
2
Calculate the remainder when 333 is divided by 56.
53
Calculate the remainder when 17 is divided by 6.
5
Calculate the remainder when 251 is divided by 23.
21
Calculate the remainder when 4707 is divided by 139.
120
What is the remainder when 1630 is divided by 78?
70
What is the remainder when 666 is divided by 86?
64
What is the remainder when 4557 is divided by 30?
27
What is the remainder when 334 is divided by 24?
22
What is the remainder when 496 is divided by 36?
28
What is the remainder when 797 is divided by 34?
15
What is the remainder when 4236 is divided by 53?
49
Calculate the remainder when 127 is divided by 57.
13
What is the remainder when 20 is divided by 8?
4
Calculate the remainder when 357 is divided by 20.
17
What is the remainder when 418 is divided by 28?
26
What is the remainder when 1478 is divided by 78?
74
Calculate the remainder when 318 is divided by 65.
58
Calculate the remainder when 137 is divided by 20.
17
Calculate the remainder when 863 is divided by 24.
23
Calculate the remainder when 428 is divided by 46.
14
What is the remainder when 71443 is divided by 15?
13
Calculate the remainder when 283 is divided by 70.
3
What is the remainder when 671 is divided by 28?
27
Calculate 